{"id":457,"date":"2017-02-24T05:23:56","date_gmt":"2017-02-24T04:23:56","guid":{"rendered":"https:\/\/www.patricyan.com\/boutique\/?page_id=457"},"modified":"2017-02-24T17:24:04","modified_gmt":"2017-02-24T16:24:04","slug":"les-enfantelets-1","status":"publish","type":"page","link":"https:\/\/www.patricyan.com\/boutique\/accueil-2\/les-enfantelets-1\/","title":{"rendered":"Les enfantelets (1) &#8211; 2001"},"content":{"rendered":"<p><em>Children <\/em><\/p>\n<p><img loading=\"lazy\" decoding=\"async\" class=\"alignnone size-large wp-image-221 zoooom\" src=\"https:\/\/www.patricyan.com\/boutique\/wp-content\/uploads\/2017\/02\/page-enfantelet--696x1024.jpg\" alt=\"\" width=\"660\" height=\"971\" srcset=\"https:\/\/www.patricyan.com\/boutique\/wp-content\/uploads\/2017\/02\/page-enfantelet--696x1024.jpg 696w, https:\/\/www.patricyan.com\/boutique\/wp-content\/uploads\/2017\/02\/page-enfantelet--204x300.jpg 204w, https:\/\/www.patricyan.com\/boutique\/wp-content\/uploads\/2017\/02\/page-enfantelet--768x1129.jpg 768w, https:\/\/www.patricyan.com\/boutique\/wp-content\/uploads\/2017\/02\/page-enfantelet-.jpg 1156w\" sizes=\"auto, (max-width: 660px) 100vw, 660px\" \/><\/p>\n<p>Sculpture suspension<\/p>\n<p>Assemblage m\u00e9taux.<\/p>\n<p><em>Sculpture assembly metal.<\/em><\/p>\n<p>Dimensions : 1,50m<\/p>\n<p><a href=\"https:\/\/www.patricyan.com\/habitacles-01.htm\" target=\"_blank\">Pour plus d\u2019informations \u2013 <em>More informations<\/em><\/a><\/p>\n<p><span style=\"color: #ff0000;\"><strong> 700 euros<\/strong> &#8211; Livraison gratuite eu Europe<\/span><\/p>\n<p><span style=\"color: #3366ff;\">En cliquant sur le bouton <em>Acheter<\/em> ci-dessous vous serez redirig\u00e9 vers le syst\u00e8me Paypal (paiement s\u00e9curis\u00e9) .<\/span><\/p>\n\n<form action=\"https:\/\/www.paypal.com\/cgi-bin\/webscr\" method=\"post\" target=\"_top\"><input name=\"cmd\" type=\"hidden\" value=\"_s-xclick\" \/><br \/>\n<input name=\"hosted_button_id\" type=\"hidden\" value=\"FGNEHALN34FYS\" \/><br \/>\n<input alt=\"PayPal, le r\u00e9flexe s\u00e9curit\u00e9 pour payer en ligne\" name=\"submit\" src=\"https:\/\/www.paypalobjects.com\/fr_FR\/FR\/i\/btn\/btn_buynowCC_LG.gif\" type=\"image\" \/><br \/>\n<img loading=\"lazy\" decoding=\"async\" src=\"https:\/\/www.paypalobjects.com\/fr_FR\/i\/scr\/pixel.gif\" alt=\"\" width=\"1\" height=\"1\" border=\"0\" \/><\/form>\n<p><span style=\"color: #3366ff;\">Livraison : selon le pays de destination le temps de livraison varie entre 5 jours et 2 semaines.<\/span><\/p>\n<p><a href=\"https:\/\/www.patricyan.com\/boutique\/cgv\/\">Conditions g\u00e9n\u00e9rales de vente<\/a><\/p>\n<p><a href=\"https:\/\/www.patricyan.com\/boutique\/\">Retour \u00e0 la boutique<\/a><\/p>\n\n","protected":false},"excerpt":{"rendered":"<p>Children Sculpture suspension Assemblage m\u00e9taux. Sculpture assembly metal. Dimensions : 1,50m Pour plus d\u2019informations \u2013 More informations 700 euros &#8211; Livraison gratuite eu Europe<\/p>\n","protected":false},"author":1,"featured_media":0,"parent":29,"menu_order":220,"comment_status":"closed","ping_status":"closed","template":"","meta":{"footnotes":""},"class_list":["post-457","page","type-page","status-publish","hentry"],"_links":{"self":[{"href":"https:\/\/www.patricyan.com\/boutique\/wp-json\/wp\/v2\/pages\/457","targetHints":{"allow":["GET"]}}],"collection":[{"href":"https:\/\/www.patricyan.com\/boutique\/wp-json\/wp\/v2\/pages"}],"about":[{"href":"https:\/\/www.patricyan.com\/boutique\/wp-json\/wp\/v2\/types\/page"}],"author":[{"embeddable":true,"href":"https:\/\/www.patricyan.com\/boutique\/wp-json\/wp\/v2\/users\/1"}],"replies":[{"embeddable":true,"href":"https:\/\/www.patricyan.com\/boutique\/wp-json\/wp\/v2\/comments?post=457"}],"version-history":[{"count":4,"href":"https:\/\/www.patricyan.com\/boutique\/wp-json\/wp\/v2\/pages\/457\/revisions"}],"predecessor-version":[{"id":479,"href":"https:\/\/www.patricyan.com\/boutique\/wp-json\/wp\/v2\/pages\/457\/revisions\/479"}],"up":[{"embeddable":true,"href":"https:\/\/www.patricyan.com\/boutique\/wp-json\/wp\/v2\/pages\/29"}],"wp:attachment":[{"href":"https:\/\/www.patricyan.com\/boutique\/wp-json\/wp\/v2\/media?parent=457"}],"curies":[{"name":"wp","href":"https:\/\/api.w.org\/{rel}","templated":true}]}}